n 30333977 is divided by 2859?
2846
What is the remainder when 469773 is divided by 157?
29
What is the remainder when 46677 is divided by 11745?
11442
What is the remainder when 1222050 is divided by 152748?
66
Calculate the remainder when 25570714 is divided by 25570657.
57
Calculate the remainder when 9857908 is divided by 28491.
22
Calculate the remainder when 77303 is divided by 1354.
125
What is the remainder when 16207306 is divided by 36?
34
Calculate the remainder when 197876 is divided by 65953.
17
What is the remainder when 232187 is divided by 48?
11
What is the remainder when 3649462 is divided by 8?
6
What is the remainder when 3673811 is divided by 99?
20
What is the remainder when 16280416 is divided by 26777?
0
What is the remainder when 9684401 is divided by 478?
121
Calculate the remainder when 309923 is divided by 13099.
8646
Calculate the remainder when 193351747 is divided by 264.
259
Calculate the remainder when 24445721 is divided by 56197.
26
Calculate the remainder when 852172 is divided by 56811.
7
Calculate the remainder when 463481 is divided by 212.
49
What is the remainder when 1879088 is divided by 248?
240
Calculate the remainder when 130215 is divided by 42.
15
What is the remainder when 341496 is divided by 435?
21
Calculate the remainder when 1479350 is divided by 44.
26
What is the remainder when 43735508 is divided by 65?
63
Calculate the remainder when 160332 is divided by 31645.
2107
What is the remainder when 12836 is divided by 257?
243
What is the remainder when 16049720 is divided by 401243?
0
Calculate the remainder when 150978850 is divided by 36.
34
What is the remainder when 7789991 is divided by 12?
11
Calculate the remainder when 17687808 is divided by 276372.
0
What is the remainder when 360015965 is divided by 338?
335
Calculate the remainder when 18518496 is divided by 12869.
5
Calculate the remainder when 57468692 is divided by 78.
8
Calculate the remainder when 76860 is divided by 6885.
1125
What is the remainder when 10850327 is divided by 60?
47
Calculate the remainder when 37587 is divided by 4697.
11
What is the remainder when 344166 is divided by 34400?
166
What is the remainder when 35142106 is divided by 289?
284
What is the remainder when 246880 is divided by 4663?
4404
What is the remainder when 16445568 is divided by 286?
282
What is the remainder when 67322 is divided by 33518?
286
What is the remainder when 411250 is divided by 469?
406
What is the remainder when 3013142 is divided by 602593?
177
Calculate the remainder when 6299461 is divided by 122.
113
Calculate the remainder when 9585891 is divided by 493.
492
What is the remainder when 3616787 is divided by 2381?
48
Calculate the remainder when 51793286 is divided by 54.
50
Calculate the remainder when 4992354 is divided by 645.
54
Calculate the remainder when 298581 is divided by 98264.
3789
What is the remainder when 93722 is divided by 5130?
1382
What is the remainder when 10079461 is divided by 9?
1
What is the remainder when 1929579 is divided by 128604?
519
Calculate the remainder when 46465 is divided by 195.
55
Calculate the remainder when 2066675 is divided by 1220.
1215
Calculate the remainder when 450804 is divided by 116.
28
What is the remainder when 56899 is divided by 340?
119
Calculate the remainder when 423310 is divided by 69782.
4618
Calculate the remainder when 32383642 is divided by 21546.
4
What is the remainder when 3552094 is divided by 377?
0
What is the remainder when 15936101 is divided by 13?
12
What is the remainder when 2191797 is divided by 329?
328
What is the remainder when 631759 is divided by 240?
79
Calculate the remainder when 1743942 is divided by 4.
2
Calculate the remainder when 651991 is divided by 1753.
1628
What is the remainder when 13071683 is divided by 10741?
10627
What is the remainder when 3539582 is divided by 587?
559
Calculate the remainder when 9329 is divided by 8316.
1013
Calculate the remainder when 45121845 is divided by 539.
538
What is the remainder when 323764 is divided by 928?
820
Calculate the remainder when 1762717 is divided by 234.
229
Calculate the remainder when 1624229 is divided by 58002.
173
Calculate the remainder when 42833 is divided by 81.
65
What is the remainder when 44391 is divided by 42329?
2062
What is the remainder when 2129703 is divided by 709898?
9
Calculate the remainder when 1381267 is divided by 7849.
7692
What is the remainder when 1637898 is divided by 287?
276
What is the remainder when 886505 is divided by 23959?
22
What is the remainder when 444339 is divided by 4317?
4005
Calculate the remainder when 9278807 is divided by 231.
230
What is the remainder when 11689518 is divided by 220556?
50
Calculate the remainder when 292287 is divided by 36238.
2383
Calculate the remainder when 949438 is divided by 473734.
1970
What is the remainder when 126522618 is divided by 191?
16
Calculate the remainder when 503111962 is divided by 852.
850
Calculate the remainder when 1240104 is divided by 1419.
1317
Calculate the remainder when 44315435 is divided by 2251.
2249
What is the remainder when 33441 is divided by 140?
121
Calculate the remainder when 37993580 is divided by 6420.
20
What is the remainder when 169692804 is divided by 60?
24
What is the remainder when 4740024 is divided by 1183?
926
What is the remainder when 835795 is divided by 105?
100
What is the remainder when 11194529 is divided by 748?
709
What is the remainder when 531767 is divided by 33235?
7
What is the remainder when 16786 is divided by 5260?
1006
Calculate the remainder when 266525 is divided by 33307.
69
Calculate the remainder when 84121637 is divided by 518.
509
What is the remainder when 15753 is divided by 280?
73
What is the remainder when 1777445 is divided by 1597?
1581
What is the remainder when 15844265 is divided by 259741?
64
Calculate the remainder when 2350594 is divided by 213660.
334
Calculate the remainder when 134430 is divided by 33348.
1038
Calculate the remainder when 280903064 is divided by 395.
394
Calculate the remainder when 1337835885 is divided by 1392.
1389
Calculate the remainder when 2166188 is divided by 1235.
1233
Calculate the remainder when 1758527 is divided by 48847.
35
Calculate the remainder when 351668 is divided by 175829.
10
What is the remainder when 106058 is divided by 90?
38
What is the remainder when 1669776 is divided by 4441?
4401
Calculate the remainder when 18613802 is divided by 928.
906
What is the remainder when 1702388 is divided by 75?
38
What is the remainder when 285625 is divided by 5532?
3493
What is the remainder when 1066802159 is divided by 61?
60
What is the remainder when 7871082 is divided by 721?
646
What is the remainder when 328595 is divided by 11298?
953
Calculate the remainder when 86046 is divided by 3303.
168
Calculate the remainder when 369729 is divided by 829.
824
Calculate the remainder when 255235643 is divided by 2971.
4
Calculate the remainder when 40732 is divided by 1633.
1540
What is the remainder when 1606141 is divided by 32122?
41
Calculate the remainder when 44430 is divided by 1072.
478
Calculate the remainder when 106145325 is divided by 21229065.
0
Calculate the remainder when 45957 is divided by 3533.
28
Calculate the remainder when 1040815 is divided by 996.
991
What is the remainder when 75665 is divided by 849?
104
Calculate the remainder when 2283968 is divided by 761321.
5
What is the remainder when 1339470 is divided by 334839?
114
What is the remainder when 10101895 is divided by 311?
304
Calculate the remainder when 140230 is divided by 10779.
103
What is the remainder when 4856918 is divided by 20407?
52
Calculate the remainder when 619408 is divided by 22941.
1
What is the remainder when 12004979 is divided by 446?
443
What is the remainder when 7316592 is divided by 55?
52
Calculate the remainder when 19195010 is divided by 164.
122
What is the remainder when 86940 is divided by 86885?
55
Calculate the remainder when 4174750 is divided by 64.
30
Calculate the remainder when 876167 is divided by 1753.
1420
Calculate the remainder when 1437585 is divided by 6015.
0
What is the remainder when 1059311 is divided by 78?
71
Calculate the remainder when 109769 is divid